he value of (-1 - (-1 + 5)) + -6 + 16?
5
Evaluate 48 + -34 - -5 - 6.
13
What is the value of (7 - (-15 - 2) - -1) + -1 + -4?
20
What is (48 - 23) + 4 + -3 + -9?
17
What is -1 + 13 + -29 + -6 + 4?
-19
Evaluate -1 - -2 - 0 - (40 + (-66 - -29)).
-2
What is -8 + (-10 - (-4 - 21))?
7
What is the value of 21 - 41 - 5 - -29?
4
What is the value of (0 - -4) + 9 + 40 + -54?
-1
(17 - 34) + 23 + -3
3
What is (3 - 0) + 6 + (4 - 23)?
-10
Evaluate (-8 - (-14 + 30)) + -7.
-31
-36 + 17 + 19 + (29 - 4) + 3
28
8 + (-40 - (-56 - -28))
-4
What is 15 + -3 + -14 + 0 + 40?
38
What is (23 - 11 - 16) + 7 - (-1 + 0)?
4
Evaluate -5 + 1 + 6 + -6 - (-2 + 1).
-3
Evaluate -40 + 79 + -34 - 27.
-22
What is the value of (-46 - 8 - -27) + 20?
-7
7 + -35 + 15 + 17 + -16
-12
What is the value of -19 + 1 + 22 + -13?
-9
What is the value of 6 - ((14 - (-6 - -13)) + (0 - -19))?
-20
What is the value of 28 - (-29 + 17 + (27 - (8 - 3)))?
18
Evaluate 0 + -9 - (31 - 33) - -24.
17
Calculate -764 + 739 - (4 + 1).
-30
Evaluate 0 + (1 + 7 + -10 - -7).
5
8 + (208 - 207) + 3 + 0
12
What is (142 - 131) + -39 + 4 + -2?
-26
0 + -15 + (552 - 518)
19
What is the value of 0 + 6 - ((-63 - -70) + 32)?
-33
Evaluate -17 + (37 - 43) - -38.
15
What is the value of -12 - (-4 - 1) - 4?
-11
What is 10 - (9 - ((-1 - -10) + -8 + 1))?
3
What is the value of 1 - -18 - -8 - 4 - (8 - 1)?
16
(-19 - -3) + (6 - -1) + 112 + -110
-7
Calculate (-9 - (3 - -7)) + 3 + -2 + 9.
-9
Evaluate -1 + -11 + (-19 - -25) + (-2 - -15).
7
34 - (-29 + 37 - -12)
14
What is the value of (14 - (-16 - -17)) + 5?
18
Calculate -8 - (-18 + (-9 - -15)).
4
Calculate 29 + 10 + -23 + 3 + 1.
20
What is the value of -18 + -6 + (15 - -19)?
10
Calculate -40 + 25 + (34 - 35).
-16
12 + -13 + (11 - 5) - (-6 + -1)
12
Calculate -4 + (-3 - -7) - (8 - 9).
1
What is the value of (-119 - -109) + (0 - -11)?
1
What is 10 + 54 + 2 + -32?
34
Evaluate -21 - (-85 - -12) - 27.
25
(-9 - (-19 + 0)) + 5 + -5 - -1
11
What is -6 + 5 + -6 + 5 - 3 - -12?
7
What is -55 + 39 - -17 - -28?
29
-5 - (-11 - 2 - 4)
12
Calculate -5 - 6 - (-16 + 7).
-2
Calculate 13 + (6 - -4) + (11 - (1 - -11)).
22
Evaluate (3 - 1 - 3) + (38 - 35) + -5.
-3
Calculate 12 - 17 - (0 - 3) - (-3 - -2).
-1
Calculate -13 - -14 - -2 - 2.
1
Evaluate -2 + (-29 - (6 + -10) - 5).
-32
What is -15 + -4 - -28 - 19?
-10
Calculate 4 - (5 - 6 - 2 - 5).
12
What is the value of -32 + (-28 - -47) + 24?
11
What is 0 - 2 - (5 + -19) - (-17 - -21)?
8
Calculate -11 - ((3 - 1) + (2 + 5 - 12)).
-8
What is the value of (-21 - -9 - -6) + 6?
0
What is the value of (-27 - -22) + 12 + 3 + -3 + -18?
-11
Evaluate 5 - (4 + (5 - (-2 - -2)) + 1).
-5
Calculate 0 + -1 + 8 - (549 - 548).
6
-214 - -193 - (0 + 2 + -2)
-21
What is -182 + 176 + (2 - 11)?
-15
What is (-13 + -2 - -4) + (0 - (-4 - -5))?
-12
9 - ((2 - 13) + 21) - -13
12
What is 12 + (-10 + -2 - -18 - 40)?
-22
What is -27 - ((14 - 11) + -23)?
-7
What is 0 - ((127 - 126) + (0 - -6) + -1)?
-6
Evaluate -12 + (38 - (8 - -11)).
7
Calculate 0 + (10 - 23) + 27.
14
Evaluate (-158 - -153) + (0 - -1) + 33.
29
Evaluate -7 - -14 - (77 + -95).
25
Evaluate (-15 - -1 - -6) + 4.
-4
-12 - (5 - (-2 - -8))
-11
Calculate 22 + -24 + 18 + 1.
17
What is the value of -46 + 68 - ((-3 - -1) + -1)?
25
Evaluate 2 - (-15 + 26) - -1.
-8
Evaluate (1 - (-8 + 3)) + (37 - 30).
13
(11 - (3 + 7 + -3)) + (1 - 19)
-14
1 + -2 - (15 - (-12 + 31))
3
(1 - 0) + (-2 - -2) + (-58 - -52)
-5
What is the value of (8 - -7 - 4) + -5 + 2 + -8?
0
Calculate (-1 + -1 - 4) + -9 + -8 + 11.
-12
What is the value of -11 + (-25 - -9) + 13 + 14?
0
-40 - (7 + -12) - -2
-33
Evaluate 1 + 1 + (7 - (31 + -12)) - 1.
-11
Calculate -7 - (-7 + 8 + -2).
-6
Evaluate -8 - (-30 + (-6 - -20) + 35).
-27
Evaluate -15 + (-189 - -187) + (-7 - 2) + 2.
-24
(-13 + 18 + -7 - 15) + 47
30
What is -48 + 30 + 28 + (9 - -2) - 12?
9
117 + -123 - ((0 - (-13 - -1)) + 0)
-18
-209 - -207 - (1 + -1 + (-1 - 1))
0
What is (-1 + 4 - 0) + (-1 - 4)?
-2
What is the value of 11 - 1 - (-6 - -29 - 16) - 19?
-16
What is the value of 36 + -38 + 20 + -34?
-16
Calculate (1 - 41) + 39 + 17 + (1 - -1).
18
Evaluate 6 + 1 + -1 + -8 + 4.
2
Calculate -3 - 10 - -28 - 30.
-15
Calculate -15 + 1 + -1 - (2213 - 2218).
-10
What is 1 - ((-121 - -114) + -15 + -2 + 1)?
24
15 - (6 - (5 - 0)) - -2
16
Evaluate 1 - 4 - (-19 + (-19 - -41)).
-6
-426 - -421 - (-1 + -7 + 2)
1
0 - (4 - (-4 + 7 + (3 - 7)))
-5
-5 + -2 - (-9 - (-2 + -3 + 9))
6
4 + 10 + -18 - -21
17
0 + 2 - 5 - (-213 + 212)
-2
Evaluate -14 - (3 - 16) - (-6 + -4).
9
What is the value of 16 + 15 + 0 + -15 - 20?
-4
Calculate (-3 - -2 - (-4 + 0)) + (-41 - -45).
7
What is the value of (-28 - -19) + 3 + (-1 - -6) - 2?
-3
Calculate -7 - (0 + 6 + -5).
-8
What is -2 - (-7 + 29 + -8)?
-16
What is the value of -13 + (6 - (-8 + -1)) + -9?
-7
What is 5 - (-6 + 0 + 0 + 5)?
6
What is (10 - 11) + -11 + 17?
5
0 - (-2 - (-12 - -20))
10
(1 - 11) + 18 - 7 - 12
-11
Calculate 61 + 6 + -34 + -29.
4
What is 9 + 13 + -32 - -14?
4
Calculate (11 - -2) + -3 - (4 - -6).
0
Calculate (288 - 279) + (1 - -1) + -10.
1
Calculate (-25 - -10) + 3 + 1 + 2.
-9
Calculate 2 + 1 + 75 + -80.
-2
Evaluate 7 - 3 - -5 - 16.
-7
Calculate 16 + 29 - (8 + 16).
21
What is the value of (0 + 1 - -25) + (9 - -45) + -42?
38
Calculate -39 - (26 + -54 - 21).
10
-21 + -12 + -18 + 33
-18
What is -18 - (-28 - 15) - 14?
11
5 + 3 + -8 + 1 + -3
-2
What is 15 - 3 - 14 - -7?
5
Calculate 69 - 63 - (2 + 14 + 0).
-10
Calculate -1 + 2 + (-5 - ((8 - 29) + 14)).
3
(11 - (-38 + 42)) + -45
-38
What is the value of 11 + 0 - (-49 - -93)?
-33
(-30 - -15) + (64 - 17)
32
Calculate 25 - ((0 + 1 - -7) + -1).
18
What is the value of 0 - ((28 - 63) + (-5 - -2 - -13))?
25
What is the value of -1 + 26 + -8 + -16 + -19?
-18
Calculate 16 + 15 + -17 - (0 - (0 + -4)).
10
Calculate -33 + 0 - (5 - 26 - (-2 - 13)).
-27
What is (17 - 9) + -6 - (-11 + -4 - 1)?
18
Calculate -12 + (-1 - -10) - 2.
-5
What is the value of (-8 + 5 + -1 - -1) + 4 + 18?
19
Calculate (414 - 362) + -38 + -2.
12
10 + (-3 - -10 - 16 - 1)
0
What is the value of 14 - (2 - ((11 - 4) + -6))?
13
What is -3 + (9 - 0) + 208 + -209?
5
What is -5 - (21 - 13) - -8?
-5
-244 + 246 + -1 + (-5 - 1) - 8
-13
Calculate (5 - (-58 + 37)) + -2.
24
Calculate 26 - (0 - -11) - (2 - -1).
12
What is -26 - (16 + -12 - 3 - 11)?
-16
Evaluate (423 - 451) + -1 + (6 + -3 - 3).
-29
Evaluate 2 + 0 + -9 + (9 - 1).
1
What is (-1 - -2) + 4 + 1 - (134 - 122)?
-6
1 + (-1 - 1) + -17 + (7 - -6)
-5
Calculate -4 + (8 + (-3 - 1) - -5) - 4.
1
Evaluate (-22 - -26 - (4 - 6)) + -18.
-12
Calculate -6 + ((-2 - -2) + 0 - (1 + -14)).
7
Evaluate -7 - -1 - 2 - -7 - 1.
-2
(3 - 9) + (15 - (6 + -1))
4
What is (-5 + 3 - -2) + -20 + 12?
-8
Calculate 5 + 16 + -8 + (-6 - -3) + -7.
3
Calculate -4 + (-3 - -9) + 9 + (1 - 6).
6
Evaluate 6 - (0 - ((-5 - -18) + -9)).
10
Evaluate 3 + (-9 - (14 + -2 + (-2 - 4))).
-12
What is -12 + (-5 - (-9 + 1))?
-9
What is 7 - (7 - -3 - (1 + 2))?
0
Evaluate 5 - (-7 + 16 + 7).
-11
What is -13 + 6 + 16 + 2 + 2?
13
What is (21 - 10) + -30 - -34?
15
-2 + 5 + -29 - (-13 - (12 - 17))
-18
What is the value of (13 + -16 + 18 - -21) + -17?
19
What is (-11 - (-12 - -19)) + 11?
-7
(-13 - (-7 + 9 + -6)) + 12
3
(32 - 23) + (0 - -2) + -20
-9
-28 - (-27 + -2 + 11)
-10
(10 - (0 + -4 - 1)) + (-27 - -24)
12
Calculate 1 + -3 + 4 - 5 - (1 + -3).
-1
What is 6 + (-6 - 4) + (2 - -1) + 1?
0
Evaluate 3 - (16 + -2 - (14 + -4 - 3)).
-4
What is -30 + 7 + 21 + -3?
-5
28 + -44 + -10 + -26 - -13
-39
Evaluate 6 - 5 - 2 - (-2 - -11 - 2).
-8
What is -10 + (9 - -4) - (6 + 1)?
-4
Calculate -6 + -1 - (-949 + 925).
17
What is -11 + (-3 + 0 - (3 - 8)) + 0?
-9
What is 12 + (4 - 7) + (5 - 3)?
11
What is the value of 1 - 2 - 5 - -22 - -6 - 2?
20
Evaluate -34 + (28 + -34 + (10 - 1) - -8).
-23
Calculate (10 - (-5 + -6 - -1)) + (-1 - 6).
13
Calculate -1 - (0 + -8 - -5 - 1).
3
What is the value of -1 + (13 - (2 + 6)) + -7?
-3
What is the value of 2 + 8 - (-231 - -250)?
-9
Evaluate -17 + (22 - 22) - -24.
7
Calculate 4 - (8 - 17 - -20) - (-1 - 28).
22
14 - (14 + (-2 - 13))
15
Evaluate -14 - -2 - (-70 - -67).
-9
-15 + (1 - -2 - (18 - 19)) + -3
-14
Evaluate (-1 - -1) + 1 + -10 + (-3752 - -3749).
-12
What is -6 - ((-6 - 1) + 3 - (0 - 3))?
-5
-4 - (-40 + 13) - 18
5
Evaluate 27 + -17 + (-4 - -2) + -20.
-12
What is 3 + (-1 + 0 - (6 - 0)) + 17?
1